hen 53358 is divided by 37646?
15712
What is the remainder when 3786034 is divided by 672?
658
Calculate the remainder when 184634 is divided by 933.
833
What is the remainder when 1101948 is divided by 946?
804
What is the remainder when 5671437 is divided by 17?
16
Calculate the remainder when 1598444 is divided by 6323.
5048
What is the remainder when 516562 is divided by 2663?
2603
Calculate the remainder when 1453287 is divided by 30.
27
Calculate the remainder when 7251831 is divided by 9191.
132
Calculate the remainder when 413167 is divided by 53.
32
Calculate the remainder when 4457404 is divided by 2300.
4
What is the remainder when 3684442 is divided by 1228116?
94
Calculate the remainder when 1214969 is divided by 3472.
3241
Calculate the remainder when 1115331 is divided by 185867.
129
What is the remainder when 20577502 is divided by 96?
94
Calculate the remainder when 49415 is divided by 16133.
1016
Calculate the remainder when 696349 is divided by 3165.
49
Calculate the remainder when 67882612 is divided by 870.
862
Calculate the remainder when 235257383 is divided by 117.
101
What is the remainder when 5736474 is divided by 1422?
126
What is the remainder when 182715 is divided by 194?
161
Calculate the remainder when 43414092 is divided by 4298.
4292
Calculate the remainder when 147487324 is divided by 11345178.
10
Calculate the remainder when 1633855 is divided by 831.
109
Calculate the remainder when 15974631 is divided by 234920.
71
What is the remainder when 34436 is divided by 32791?
1645
Calculate the remainder when 992203 is divided by 39.
4
What is the remainder when 297033 is divided by 297030?
3
What is the remainder when 347326 is divided by 841?
834
What is the remainder when 53994978 is divided by 11?
4
Calculate the remainder when 67848601 is divided by 69517.
9
Calculate the remainder when 152665 is divided by 152373.
292
What is the remainder when 278881 is divided by 32?
1
What is the remainder when 182816 is divided by 1663?
1549
Calculate the remainder when 166837908 is divided by 47.
34
What is the remainder when 15204558 is divided by 381?
372
Calculate the remainder when 478821 is divided by 252.
21
What is the remainder when 67102 is divided by 796?
238
Calculate the remainder when 168139957 is divided by 24019991.
20
What is the remainder when 2140481 is divided by 27442?
5
What is the remainder when 13824145 is divided by 1429?
1428
What is the remainder when 5422608 is divided by 721?
688
Calculate the remainder when 7319395 is divided by 914918.
51
What is the remainder when 1572194 is divided by 239?
52
Calculate the remainder when 2166285 is divided by 75.
60
What is the remainder when 18479151 is divided by 44?
31
What is the remainder when 148107 is divided by 74042?
23
What is the remainder when 2123337 is divided by 484?
29
What is the remainder when 36209046 is divided by 68?
66
What is the remainder when 287389 is divided by 95792?
13
Calculate the remainder when 851086 is divided by 851061.
25
What is the remainder when 668062 is divided by 166931?
338
What is the remainder when 1309271 is divided by 119024?
7
What is the remainder when 6442058 is divided by 766?
764
What is the remainder when 170546 is divided by 2215?
2206
What is the remainder when 6074411 is divided by 289257?
14
Calculate the remainder when 3638216 is divided by 21.
8
What is the remainder when 49042 is divided by 116?
90
Calculate the remainder when 616632 is divided by 6630.
42
Calculate the remainder when 90467 is divided by 3746.
563
What is the remainder when 4584 is divided by 2351?
2233
Calculate the remainder when 111382 is divided by 55257.
868
What is the remainder when 6825643 is divided by 379202?
7
What is the remainder when 414111 is divided by 1479?
1470
What is the remainder when 14559 is divided by 1800?
159
Calculate the remainder when 667324 is divided by 1998.
1990
What is the remainder when 352 is divided by 17?
12
Calculate the remainder when 4379384 is divided by 36.
20
What is the remainder when 12816950 is divided by 24?
14
Calculate the remainder when 1174655950 is divided by 216.
214
Calculate the remainder when 1451909 is divided by 330.
239
Calculate the remainder when 66873 is divided by 1520.
1513
What is the remainder when 74022239 is divided by 4354249?
6
What is the remainder when 312397 is divided by 192?
13
Calculate the remainder when 129302 is divided by 493.
136
Calculate the remainder when 570510 is divided by 189869.
903
What is the remainder when 110895714 is divided by 212?
210
Calculate the remainder when 517616 is divided by 20701.
91
Calculate the remainder when 360296 is divided by 402.
104
What is the remainder when 75709205 is divided by 339?
335
What is the remainder when 146717 is divided by 1978?
345
Calculate the remainder when 7162636 is divided by 618.
16
What is the remainder when 245860 is divided by 62?
30
Calculate the remainder when 2079656 is divided by 2407.
8
What is the remainder when 8870302 is divided by 30?
22
What is the remainder when 163125 is divided by 9573?
384
What is the remainder when 200207897 is divided by 3603?
3599
Calculate the remainder when 11017700 is divided by 3635.
15
Calculate the remainder when 984494 is divided by 33.
5
What is the remainder when 6479329 is divided by 30?
19
Calculate the remainder when 283156 is divided by 453.
31
What is the remainder when 2247684 is divided by 74922?
24
What is the remainder when 134972 is divided by 132676?
2296
Calculate the remainder when 629955 is divided by 209947.
114
What is the remainder when 4405786 is divided by 16021?
11
Calculate the remainder when 2079300 is divided by 174.
0
Calculate the remainder when 805964352 is divided by 3435.
3432
What is the remainder when 40245407 is divided by 5397?
5375
What is the remainder when 82644940 is divided by 274?
238
Calculate the remainder when 28426 is divided by 14143.
140
What is the remainder when 796940 is divided by 37946?
74
Calculate the remainder when 461761 is divided by 4015.
36
What is the remainder when 1790061 is divided by 19?
14
Calculate the remainder when 178714797 is divided by 30.
27
Calculate the remainder when 36930730 is divided by 1809.
1804
What is the remainder when 76545 is divided by 1092?
105
What is the remainder when 54944 is divided by 228?
224
Calculate the remainder when 477114 is divided by 238541.
32
What is the remainder when 7753383 is divided by 34307?
1
Calculate the remainder when 1637877 is divided by 43.
7
Calculate the remainder when 1707194 is divided by 740.
14
What is the remainder when 21020941 is divided by 3002990?
11
Calculate the remainder when 5471346 is divided by 2735644.
58
Calculate the remainder when 112583124 is divided by 246.
240
What is the remainder when 30009366 is divided by 48?
6
Calculate the remainder when 36222 is divided by 934.
730
Calculate the remainder when 17180141 is divided by 798.
797
Calculate the remainder when 367820405 is divided by 36782040.
5
What is the remainder when 34316144 is divided by 71?
69
Calculate the remainder when 51367 is divided by 51074.
293
Calculate the remainder when 56011 is divided by 18656.
43
Calculate the remainder when 152966537 is divided by 1084869.
8
What is the remainder when 6600 is divided by 2930?
740
Calculate the remainder when 2403773 is divided by 311.
54
What is the remainder when 4618032 is divided by 119?
118
Calculate the remainder when 1643788 is divided by 328747.
53
What is the remainder when 1464622 is divided by 21860?
2
Calculate the remainder when 26459230 is divided by 518808.
22
What is the remainder when 1026952062 is divided by 16?
14
What is the remainder when 158528 is divided by 281?
44
Calculate the remainder when 701696 is divided by 2010.
206
Calculate the remainder when 349488 is divided by 1040.
48
Calculate the remainder when 81857 is divided by 13310.
1997
What is the remainder when 5878890 is divided by 3620?
10
Calculate the remainder when 8371363 is divided by 769.
29
What is the remainder when 3307650 is divided by 91879?
6
Calculate the remainder when 54859 is divided by 10730.
1209
Calculate the remainder when 741436 is divided by 3026.
66
What is the remainder when 181017 is divided by 1